
Evaluate (-3 - -4 - 0) + -5 + 4.
0
Calculate 0 + 4 - (12 + -4).
-4
Calculate 5 - (7 + (-12 - -5)).
5
What is -3 + (-5 - -3 - -6)?
1
What is 3 + -5 + 2 + -4 - -2?
-2
-3 - (-2 + (0 - -4))
-5
Calculate -7 + 7 + (-5 - 0 - -8).
3
4 + -2 + 4 - 1
5
Calculate -1 + -4 + -1 + 9.
3
What is the value of 3 + 1 + (-3 - 3)?
-2
What is 5 - ((-2 + -4 - -5) + 12)?
-6
What is -3 - (6 + -3) - (-57 - -61)?
-10
What is -1 - 0 - (-10 + 7)?
2
What is -7 - (1 + -2 + -4)?
-2
Calculate 2 + (-3 - 0) - (1 + -7).
5
Evaluate 4 + 1 + 1 - (-11 - -13).
4
What is (-4 - 1) + (-23 - -20)?
-8
What is the value of (3 - 3) + (5 - 5)?
0
What is (-8 - (-2 - 0)) + -1 + 2?
-5
What is the value of -2 + 1 - (-5 - -6 - -2)?
-4
What is the value of -6 - (3 + -5) - (-5 - 5)?
6
What is 4 - (1 - (-4 + 1)) - 3?
-3
What is -2 - (1 + (5 - 3))?
-5
452 - 453 - (-8 + (1 - 0))
6
What is the value of 8 - (-2 - 3 - -8)?
5
1 + (-3 - 5) - (-22 - -16)
-1
Evaluate 53 + -54 + 1 + 1.
1
What is the value of 4 - 4 - -3 - 0?
3
Evaluate -1 + -3 - (-1 + -7) - 1.
3
What is the value of -1 + (6 - 10) + -3 + 10?
2
Evaluate -2 + 1 + (-1 - -7 - 9).
-4
What is the value of -8 - (-18 - -10) - (0 + -6)?
6
-177 + 170 - (0 + -2)
-5
Calculate -2 + -3 - (-10 + -2).
7
Evaluate -1 - (-1 + -3 + 8 - 3).
-2
What is -9 + (-4 - -25) - 7?
5
What is the value of (29 - 24) + (-1 - (1 - -1))?
2
Evaluate 1 - (4 - (-5 - (-4 + 3))).
-7
What is (-2 - -4) + 1 - 7?
-4
Evaluate (14 - 36) + 9 - -13.
0
Evaluate 3 - (4 + (0 - 3)).
2
Evaluate -1 + -1 + (6 - 1).
3
4 + (-6 - -5) + 2
5
What is the value of 2 - (-2 - (-3 + (-3 - -5)))?
3
Evaluate (-1 - 1) + (-3 - -2) + 3.
0
Calculate 14 + -1 + (0 - 5).
8
Evaluate -9 - ((2 - 0 - 3) + -2).
-6
What is the value of -101 + 99 + 5 + 0?
3
Evaluate -1 + (9 - 4) + -4 - 4.
-4
Calculate 9 + (6 - 2) + (-20 - -11).
4
What is the value of -1 - (2 + (8 - 5)) - -9?
3
Evaluate (44 - 38) + (-1 - 5).
0
Calculate -25 - -29 - (2 - 1).
3
What is -6 + (0 - -1) - -10?
5
Evaluate 5 - (-2 + 4 - -2).
1
What is the value of 1 + -2 - (3 + -9 + 5)?
0
Evaluate 0 - 1 - ((-16 - -10) + 1).
4
-3 + -2 - (-2 - (0 + -2))
-5
What is the value of 7 + -5 - (2 + -2 + -1)?
3
Evaluate -19 - (16 + -5 + -23).
-7
Evaluate 0 + (-3 + (0 - 0) - 0).
-3
Calculate 18 - (6 - -1 - -2).
9
What is 7 - (-1 - 1 - (-9 + 1))?
1
-9 - (-4 - (-4 + 5))
-4
Evaluate 14 + -4 + -21 - -7.
-4
0 - -5 - (-14 + 3 - -9)
7
Evaluate (1 - -2) + -2 + (-12 - -13).
2
(6 - 3) + -11 + 3
-5
Calculate 10 - (2 + -9 - (2 + -11)).
8
What is the value of 8 + (-2 - 14 - -3)?
-5
What is the value of -4 + 3 + -2 + 1 + 0?
-2
What is (7 - -4 - 20) + 10?
1
What is 5 + -16 + (7 - 2) + -3?
-9
1 - (-8 + 1 + -9 + 21)
-4
What is the value of -1 + -2 - (9 - (14 + -9))?
-7
What is (2 + 0 - (18 + -17)) + -1?
0
Calculate -1 + (0 - -5) + -5 + 6.
5
Evaluate -13 + 28 - (5 - -1).
9
Evaluate -6 + 4 - -3 - (0 + 4).
-3
What is -7 - ((-6 - -4) + (1 - 7))?
1
What is -7 + (-3 - -5) + 10?
5
Calculate -7 - (6 + (-8 - -5)) - -8.
-2
(-2 - -7) + -3 + 0 + -3
-1
What is (4 - 4) + (-4 - -8) + 0?
4
Evaluate (6 - 1) + -17 + 7.
-5
Calculate -6 + 8 + (-4 - (3 + -3)).
-2
What is -11 + 7 + 3 + 4?
3
What is 9 - (-5 - (6 + -19))?
1
5 - 0 - (2 + 4)
-1
Calculate -3 + (-3 - (-3 - 0) - -2).
-1
What is (69 - 78) + (-1 - -3 - 0)?
-7
52 - 61 - (0 + -1)
-8
What is (-2 + -2 - -4) + -4?
-4
Evaluate 0 + -5 + -2 + 6 + -8.
-9
What is -3 - (0 + -1 + 3) - 4?
-9
Evaluate -3 - (1 + 0 + -3).
-1
Evaluate (5 - (8 - 4)) + -3.
-2
What is the value of -1 + -5 + -39 + 33 - -1?
-11
(4 - 1) + 50 + -56
-3
(-3 - 1) + (-9 - -10) - -4
1
What is the value of 1 - 2 - 6 - -2?
-5
Evaluate (2 + -8 - -2) + 3 + 0.
-1
What is the value of (-5 + 5 - 0) + -5?
-5
What is the value of (0 - 6 - -1) + 10?
5
What is the value of 1 + -1 - (2 - (4 - 2))?
0
Evaluate (0 + -2 - (-17 + 9)) + -7.
-1
-3 + -2 + 2 + 6 + -6
-3
What is 17 + -44 + 19 + 0 + -2?
-10
What is the value of 2 + (1 - 13) + (-6 - -11)?
-5
Evaluate 4 + (1 + -1 - -1).
5
(-15 - -14) + (-4 - -1) + 8
4
Evaluate 3 + -1 + (6 - 8) - -5.
5
What is the value of (9 - 7) + (0 - 4)?
-2
(-2 - (0 + 1) - -3) + 0
0
What is the value of 7 + (4 - (8 + 0))?
3
Calculate -1 + 3 - (1 + 3).
-2
Evaluate -5 - (1 - (5 - (2 + 1))).
-4
What is the value of -1 + -1 - (-4 - (4 - 1))?
5
Evaluate 1 + 0 - (-2 - -10).
-7
What is the value of 0 - (7 + 0 + -3)?
-4
Evaluate -4 + -5 + 5 - -6.
2
(4 - 3 - -2) + -1 + -1
1
Calculate -2 - -2 - (7 + -9 - -1).
1
1 + (7 - (-3 - -8))
3
Calculate (-9 - -6) + 7 - (-2 - -1).
5
What is the value of 12 - (13 - (-9 - -11))?
1
What is the value of 30 - 26 - (-1 + 7)?
-2
Calculate 2 + (-3 - 5 - -9).
3
Calculate 1 + -3 + 5 + 0 + 2.
5
Evaluate 0 + -3 + 7 + -2 + -2.
0
What is 2 + -9 + (0 - 1) - -3?
-5
What is the value of 5 + (0 - 1 - 3)?
1
What is the value of (-3 + 3 - 4) + 4 - 5?
-5
Calculate -3 - (0 - (13 - 10)).
0
Calculate (-2 - -1 - -6) + -3 + -1.
1
Evaluate 3 + -5 + -3 + 0.
-5
What is the value of 2 + 1 + (-1 + -5 - 0)?
-3
What is 1 - 4 - 3 - 1?
-7
Evaluate -3 - (7 + -4 - 2).
-4
Calculate 3 - ((3 + -2 - 0) + 6).
-4
What is 9 + (10 + -22 - -7)?
4
Calculate -3 + (-3 - -4 - 0).
-2
Calculate 5 + (-1 - -7) + -9 + 3.
5
Evaluate 5 + (-9 - -5) + 0.
1
What is the value of -4 + -1 + -6 + 6?
-5
Calculate (3 - -10) + -12 - 10.
-9
Calculate -9 - (8 + -1 + -21).
5
Calculate 87 + -93 + (1 - 2).
-7
Calculate -4 + (1 - -7 - (2 + 0)).
2
What is -20 - -14 - (-1 - 3)?
-2
What is the value of -1 + (-2 - 0) - -2 - -1?
0
Calculate -1 + 10 - (-83 + 89).
3
-3 + (8 - 12) + 3
-4
Evaluate (-1 - -3) + -8 + 9.
3
(3 - (-3 - (-6 + 1))) + 4
5
What is the value of (8 + -3 - 8) + -2?
-5
Evaluate (-682 - -693) + -1 + -1 + -3.
6
Evaluate 6 - 1 - (11 - 14).
8
What is 1 - -3 - (-13 - -7 - -11)?
-1
What is the value of (0 - -2) + 2 + 4 + -11?
-3
Evaluate -4 - (-4 + (0 - 2)).
2
Calculate -4 + 4 + 0 + -1 + 4.
3
Calculate 11 + (-13 - 8) - -5.
-5
What is 3 - (2 - (-2 - -5))?
4
Calculate -1 + 0 + 2 + 97 + -97.
1
What is the value of 9 + (7 - 3) + -8?
5
Calculate (-2 - -5) + 1 + -5 - -2.
1
Evaluate (12 - 12) + 9 + -3.
6
What is the value of -1 + 5 - (8 + -3)?
-1
-5 + -4 + 9 + 5
5
What is 2 - (11 + 5 + -8 + 0)?
-6
What is the value of -1 - 2 - -10 - 3?
4
(5 - (0 + -8)) + (-5 - 2)
6
(27 - 23) + -1 + 1
4
What is -6 - (-2 + -1) - 1?
-4
Evaluate -1 - -10 - (196 - 184).
-3
What is 0 - 5 - (7 + -2 + -4)?
-6
What is 38 - 42 - (-6 - 1) - 10?
-7
Calculate -2 + 10 + -10 + (0 - -7).
5
What is -3 - (-7 + (-2 - -4 - 0))?
2
31 + -43 + -1 + 11
-2
Evaluate 6 + (3 - (1 - (3 + -6))).
5
Evaluate (-8 - (-1 + 0)) + 8.
1
What is (6 - 10 - -6) + -5?
-3
0 - (9 - -1) - (-4 + -1)
-5
(6 - 10) + 0 + 1
-3
What is (-5 - 3) + -2 + 5 + 2?
-3
What is the value of 12 + -24 + 12 - 7?
-7
What is -2 + -4 + 2 - -5?
1
What is the value of (-6 - (2 - 6)) + 1?
-1
What is 5 + -3 + (-2 - (1 + -1))?
0
Evaluate (-5 - 1) + 170 + -162.
2
What is the value of -2 + -2 + 0 + 0 + 2?
-2
Calculate (26 - 15) + (-25 - -5).
-9
Calculate (-22 - -19) + 0 + 2.
-1
What is the value of 4 - (-3 - (9 + -6 - 4))?
6
(-3 - (-15 - -4)) + -3 + 1
6
What is the value of -1 + -2 + (31 - 31) - -2?
-1
-1 - (8 + -6) - 2
-5
What is (1 - -4) + 0 + (-9 - -1)?
-3
Evaluate (-7 - -13) + 1 - 10.
-3
What is the value of 5 + (3 - 5 - -1)?
4
Evaluate 8 - (-9 + (4 - -1) - -10).
2
What is the value of 5 - (0 - -7 - (1 - -1))?
0
What is the value of (4 - 5 - -9) + -14?
-6
5 + (-3 - (3 + -2))
1
What is the value of -6 + (1 - 5 - -6)?
-4
What is -7 + 3 + -2 + 5 + 5?
4
Calculate -1 + 4 + 4 + -3.
4
Evaluate 6 + -9 + (0 - 1) + 5.
1
What is the value of -3 + 9 + -7 + 2 + -2?
-1
What is 6 + -1 - (-1 - -4)?
2
Calculate 1 - (5 - (9 + -5)).
0
1 + (2 - (9 - 3))
-3
(-4 - 1) + 2 - (-1 + 3)
-5
What is (7 + -4 + -6 - -4) + 3?
4
Evaluate -2 - (5 + (-9 - -5) + 0).
-3
Evaluate 16 + 38 + -40 + (1 - 7).
8
Evaluate 16 + 1 + 4 + -3 + -8.
10
(6 - 7) + 4 + (-5 - 7)
-9
Calculate 4 + (0 - -3 - 4).
3
What is the value of (-3 - -7) + 1 + -3?
2
Evaluate 5 - (5 + -1 - -1).
0
What is the value of -7 + 2 - (-8 - -8)?
-5
What is the value of 3 - (2 + 4 + -9 - -15)?
-9
What is the value of 6 + -13 + 0 + 3?
-4
Calculate 1 - 7 - (-2 + (4 - 14)).
6
What is -7 - -1 - -1 - (-3 + 1)?
-3
What is the value of -3 - ((-10 - -1) + 2)?
4
What is the value of 5 + (6 - 7) + -6?
-2
What is 7 + 0 + 12 + -20?
-1
Evaluate 2 + (-7 - 2) + 3 + 1.
-3
-3 + (11 - ((2 - 2) + 3))
5
Evaluate -4